*t - t + 3*r, -5*t + 3*r + 1070 = k. Let x = t - 75. What are the prime factors of x?
2, 71
Suppose -3*f + 2*f = -5*s, 5*s = 5*f - 20. Let i(y) = 176*y**3 + 3*y**2 - 2*y. List the prime factors of i(s).
3, 59
Suppose -z = -19*z + 5400. Suppose 3*h - o - 3*o - 460 = 0, -2*h = 4*o - z. List the prime factors of h.
2, 19
Let a(z) = z**3 - 18*z**2 - 19*z - 6. Let q be a(19). Let w be (21/q)/(5/(-10)). List the prime factors of 2/w - (-1560)/28.
2, 7
Let n = -736 - 336. Let t = n + 1508. List the prime factors of t.
2, 109
Suppose -2*i = -5*w - 38, -4*i + 61 = i - 4*w. Suppose 5*o = i*o + 20. What are the prime factors of ((-3)/5)/(o/125*1)?
3, 5
Let b be ((-1)/(-4))/(9/144). Suppose -b*z - 102 - 70 = 3*t, t + 55 = z. List the prime factors of (-2814)/t - (-3)/4.
3, 17
Suppose -15*k + 7348 = -28712. What are the prime factors of k?
2, 601
Let t be (-16)/6 + (-30)/(-45). List the prime factors of 496/4*(-4)/t.
2, 31
Suppose -22*t + 46281 + 180382 = 30819. What are the prime factors of t?
2, 4451
Suppose -23 = -s - 3*q + 160, 2*s + 5*q - 365 = 0. Let t = 360 - s. What are the prime factors of t?
2, 3, 5
Let p be 176/66 - ((-4)/3 - -1). Suppose 172 = 2*q + a, -p*q - 2*a - 3*a = -265. What are the prime factors of q?
5, 17
Suppose q - 14 = -10. Suppose 4*c = -8 + q. List the prime factors of 106 + (2 - 3)/c.
107
Suppose -3*f - 14*i = -12*i - 166873, 2*i = -5*f + 278131. What are the prime factors of f?
3, 7, 883
Suppose -i + 42 = -4*y, 3*y = i + 8*y - 33. List the prime factors of 12692/i + 10/(-2).
7, 47
Let k(j) = -j**3 + 121*j**2 + 53*j - 1052. What are the prime factors of k(118)?
2, 3, 7829
Let q(w) = 29 - 111*w - 31 + 5*w. Let c be q(-1). Let f = c + -53. What are the prime factors of f?
3, 17
List the prime factors of (4/(-6))/(7/(-393351)).
2, 18731
Let o(h) = -2*h**3 + 121*h**2 + 122*h - 137. What are the prime factors of o(61)?
2, 7
Let w(s) = 3*s**2 + 32*s - 400. What are the prime factors of w(29)?
3, 113
Suppose -2*v - 8109 = -k, -9696 - 6540 = -2*k + v. What are the prime factors of k?
3, 2707
Let v be (2 - -302) + (1 - (-5 + 6)). Suppose -2*k + 5*l = -v, 5*k - 2*l + 3*l = 814. List the prime factors of k/135*(-690)/(-4).
3, 23
Let a(y) = 88 + 4*y**3 + 11*y + 9*y**3 + 31*y**2 + 14*y**3 - 37*y**3 + 9*y**3. List the prime factors of a(31).
3, 11, 13
Let h = -621 - -346. What are the prime factors of 10/(-5)*(h - 8)?
2, 283
Let d = 50 + -323. Let j be (6/(-7))/(78/d). What are the prime factors of (158/6)/((j/(-3))/(-9))?
3, 79
Suppose a - r = 22343, 19*a + 2*r = 20*a - 22337. List the prime factors of a.
22349
Let p = 100 - 0. Let s = -86 + p. Suppose -s*i + 10*i = -1008. List the prime factors of i.
2, 3, 7
Let z = 84 - 86. Suppose 0 = 4*o - 2 - 10. What are the prime factors of (o/6)/(z/(-144))?
2, 3
Let r be 4*((-22)/(-8) - -2). Suppose o + 8 = a, -r - 17 = -5*a + 4*o. Suppose 244 = a*i + 40. List the prime factors of i.
3, 17
Let o(a) = -2*a + 10. Let i be o(0). Let z be 8/i*50/(-4). What are the prime factors of (30/z)/(3/(-11))?
11
Let o = 251860 + -162445. What are the prime factors of o?
3, 5, 1987
Let o = 19161 - 8699. List the prime factors of o.
2, 5231
Let p(u) = 77 + 9*u - 126 + 59 + 7*u. Let h be (-140)/(-15) - 3/9. What are the prime factors of p(h)?
2, 7, 11
Let z = -102 - -108. What are the prime factors of 2*(2037/z + -1)?
677
Suppose 17 = 40*r - 41*r. Let d = r + 30. Let y = 40 - d. List the prime factors of y.
3
List the prime factors of (-903)/(-645) + 96956/10.
9697
Let a be 5 + 368/3 + (-2)/3. Let q = a + -122. Suppose -q*v + 305 = -930. List the prime factors of v.
13, 19
Suppose 0 = -3*p - 1 - 2, p + 16 = l. Let c = -13 + 48. Let x = c + l. List the prime factors of x.
2, 5
Let b(g) = -g**3 + 16*g**2 - 15*g + 9. Let y(f) = f**2 - f + 3. Let m be y(-3). Let k be b(m). Let n(z) = 2*z**2 - 9*z + 5. List the prime factors of n(k).
2, 43
Suppose 3332 = 17*j - 0*j. Let z = j + -160. List the prime factors of z.
2, 3
Let c = 26018 - 13002. What are the prime factors of c?
2, 1627
Suppose 3*f + 92*a = 90*a + 184877, 2*f + 5*a = 123277. What are the prime factors of f?
7, 8803
List the prime factors of (312/(-36) + 10)/(2/48024) + 6.
2, 3, 593
Let d = 64 - 132. Let o = d - -23. List the prime factors of ((-15)/o)/(0 + (-1)/(-63)).
3, 7
Suppose -5*o + 42033 - 5633 = 23*o. What are the prime factors of o?
2, 5, 13
Let p be (6/(-4))/((-1)/(-4) - 1). Suppose 2*o = -5*m + 344, p*m - o - 353 = -3*m. Suppose 0 = 3*f - 313 + m. What are the prime factors of f?
3
Let s(f) = 125*f - 1. Let h be (-2)/5*(-80)/(-4)*-2. Suppose 0 = -2*b + h - 14. List the prime factors of s(b).
2, 31
Suppose -2*x - 75 = -2*h - 2083, 4*h = -x + 1024. Suppose -9*c - 81 = -x. What are the prime factors of c?
103
Let o be (-2)/(-5) + (-56)/(-35). Suppose -3*y - 5*v = 20, o*y - v + 19 = -2*y. List the prime factors of 60/(-7 - -5)*y.
2, 3, 5
Suppose m = -s + 8757, 3*s = -5*m + 7*s + 43848. List the prime factors of m.
2, 7, 313
List the prime factors of 41/(820/(-24312))*-10.
2, 3, 1013
Let a be 2*-2*3/(-3) + -3. Let w(f) = -f. Let h(s) = -8*s - 13. Let n(d) = a*w(d) - h(d). List the prime factors of n(7).
2, 31
Let c = -10 + 10. Suppose -3*s + 5*g + 2894 = 0, -2*s + 2*g + 1936 = -c*g. What are the prime factors of s?
7, 139
Let z be (10/(-15))/(7/714). Let r = z + 323. What are the prime factors of r?
3, 5, 17
Let k(g) = -2*g + 59. Let u be k(27). Suppose 0 = -u*z + 258 + 997. What are the prime factors of z?
251
Let f = 67 + -67. Let o(v) = v**2 + v + 40. Let x be o(f). Let h = 12 + x. List the prime factors of h.
2, 13
Let v = 155 + -161. What are the prime factors of 88 + (1 - 3)*v/(-3)?
2, 3, 7
Suppose -3*o + 18 = 2*x + 2*o, 0 = -2*x - 3*o + 14. Suppose -5*l + 4311 = -x*r - 1126, r = -3. List the prime factors of l.
5, 7, 31
Let m = 4837 + 1056. What are the prime factors of m?
71, 83
Let q(j) = 13*j**2 - 9*j - 551. What are the prime factors of q(19)?
11, 19
Let h(f) = -33*f**3 + 18*f**3 + 17*f**3 - 17*f - 23*f + 11*f + 26 + 64*f**2. What are the prime factors of h(-32)?
2, 3, 53
Suppose -2*g = 4*f - 33606, 6*f - 11*f - 30 = 0. List the prime factors of g.
3, 5, 19, 59
Let k(j) = -j**2 - 18*j - 28. Let u be k(-16). Suppose -4*y + 616 = -f + 3*f, 0 = -u*f - y + 1218. List the prime factors of f.
2, 19
Let r(z) = 0*z**2 + 2*z - 11 - 13*z**3 + 4*z**2 + 16 + z. List the prime factors of r(-4).
7, 127
Let t = 30013 - 20723. List the prime factors of t.
2, 5, 929
Let p = 51746 + -29164. List the prime factors of p.
2, 7, 1613
Let j(o) = -o**3 + 4*o**2 - 3*o. Let d be j(2). Suppose d*x - 63 = 17. Let q = x - -11. What are the prime factors of q?
3, 17
Suppose -62*k - 23 = -3371. List the prime factors of k.
2, 3
Let a = -48 + 60. Let s be -51*(3/a)/((-12)/32). Let z = s + 39. What are the prime factors of z?
73
Let r(i) = 35*i**2 + 35*i + 307. What are the prime factors of r(-15)?
13, 19, 31
Suppose 2*f + 49 = 5*w - 36, 130 = -4*f + 2*w. Let v be f/(-8) + (34/8 - 4). List the prime factors of (0 + (-10)/v*-2)*13.
5, 13
Let k(l) = -6*l**3 - 9*l**2 + 25. Let b = 236 - 243. List the prime factors of k(b).
2, 821
Suppose a - 26538 - 47928 = -62*a. What are the prime factors of a?
2, 3, 197
Let y(j) = j**2 - 9*j + 120. Let n be y(25). List the prime factors of 80/n + (-23968)/(-26).
2, 461
Let f(q) = q**3 + 2*q**2 - q - 15. Let o be f(0). What are the prime factors of 36/(((-12)/90)/(24/o))?
2, 3
Suppose 43*v - 918092 - 1102564 = 0. What are the prime factors of v?
2, 3, 11, 89
Let a be (-1 + 1)/(-3*10/15). Suppose 4*q + 4*u - 36 = a, 4*q - 3*u = -1 + 9. Suppose -q*w - 2*b + 764 = 0, -4*b = 6 - 14. List the prime factors of w.
2, 19
Suppose 0 = 5*h - 9*h + 28. Suppose -v - 65 = -2*d, -d = -h + 3. Let c = 129 + v. What are the prime factors of c?
2, 3
Let f(d) be the first derivative of 40*d**2 + 4*d + 4. Let b be f(1). What are the prime factors of b/3 - (3 + -1)?
2, 13
Suppose -12*s - 25*s + 3772863 = 92*s. What are the prime factors of s?
3, 9749
Suppose 645 = 5*p - 3*x, -5*p + 645 = -0*x + x. Let t = p - 63. Suppose -3*y - t + 156 = 0. What are the prime factors of y?
2, 3, 5
Suppose -2*g + 41 = k - 21, k = 2*g + 46. Let j be 100/30*1*k. Suppose -3*v - 2*d = 2*d - 247, -2*v = -5*d - j. What are the prime factors of v?
5, 17
Let a(x) = x**3 + 32*x**2 - 132*x 